{"id":2040,"date":"2025-02-02T06:46:42","date_gmt":"2025-02-02T05:46:42","guid":{"rendered":"https:\/\/vertivinies.fr\/?page_id=2040"},"modified":"2026-02-10T17:56:47","modified_gmt":"2026-02-10T16:56:47","slug":"domaine-chateau-romanin","status":"publish","type":"page","link":"https:\/\/vertivinies.fr\/index.php\/vignerons-salon-vertivinies\/domaine-chateau-romanin\/","title":{"rendered":"Ch\u00e2teau Romanin"},"content":{"rendered":"<p style=\"padding-left: 40px;\"><span style=\"font-weight: 400;\">Carolyn Sheetz et Th\u00e9o Buravand<\/span><br \/>\n<!--more--><span style=\"vertical-align: inherit;\">\r\n    <div class=\"vign_big_bloc\">\r\n        <div class=\"vign_ss_titre\">Carolyn Sheetz et Th\u00e9o Buravand<\/div>\r\n        <div class=\"vign_bloc_img\">\r\n            <img loading=\"lazy\" decoding=\"async\" src=\"http:\/\/vertivinies.fr\/wp-content\/uploads\/2025\/02\/Chateau-Romanin.jpg\" alt=\"\" title=\"\" width=\"578\" height=\"385\" \/>\r\n        <\/div>\r\n\r\n        <div class=\"vign_bloc_param\">\r\n            <p class=\"vign_params\">\r\n                <span class=\"vign_param_titre\">Appellations<\/span><br \/>\r\n                AOP Les Baux de Provence rouge \/ ros\u00e9 \/ blanc<br \/>\r\nIGP Alpilles ros\u00e9 \/ blanc \/rouge\r\n                <br \/>\r\n                <span class=\"vign_param_titre\">C\u00e9pages<\/span><br \/>\r\n                Syrah, Grenache, Mourv\u00e8dre, Cabernet Sauvignon, Counoise ; Blancs : Rolle, Roussanne, Grenache Blanc, Clairette\r\n                <br \/>\r\n                <span class=\"vign_param_titre\">Superficie<\/span><br \/>\r\n                58 hectares\r\n                <br \/>\r\n                <span class=\"vign_param_titre\">Culture<\/span><br \/>\r\n                Biodynamie depuis 1988, certification Demeter et Biodyvin\r\n                <br \/>\r\n                <span class=\"vign_param_titre\">R\u00e9compenses et Mentions<\/span><br \/>\r\n                Guide Bettane +Desseauve - Guide Hachette\r\n            <\/p>\r\n        <\/div>\r\n    <\/div>\r\n\r\n    <div class=\"vign_bloc_txt\">\r\n        <span style=\"font-size: 24px; color: #b70505;font-weight:bold\">PRESENTATION<\/span><br \/>\r\n<br \/>\r\nLe  domaine  du  Ch\u00e2teau  Romanin se  situe \u00e0  Saint-R\u00e9my-de-Provence, aux pieds des  ruines  d\u2019un ch\u00e2teau du XIII\u00e8me  si\u00e8cle de l'ordre des Templiers.<br \/>\r\n<br \/>\r\nNich\u00e9  sur  le  versant  Nord  des  Alpilles,  le domaine s'\u00e9tend sur 250 hectares, dont 58 hectares de vignes, 4 hectares d\u2019oliviers et 2,5  hectares  d\u2019amandiers. L'AOP  Les  Baux-de-Provence,  dont  le<br \/>\r\ndomaine  fait  partie,  est  une appellation 100% Biologique.<br \/>\r\n<br \/>\r\nCh\u00e2teau Romanin est conduit en biodynamie depuis 1988. Le domaine est certifi\u00e9 Demeter\u00ae  et  Biodyvin\u00ae. Les vins sont \u00e9lev\u00e9s dans une cave monumentale, creus\u00e9e dans la roche et con\u00e7ue comme une cath\u00e9drale gothique. Ce chai  Cath\u00e9drale  est  consid\u00e9r\u00e9 comme  l\u2019un  des  chais architecturaux les plus originaux de France.<br \/>\r\n<br \/>\r\nPour exalter les microclimats des Alpilles, l'\u00e9quipe du domaine adopte une <span style=\"font-weight:bold\">vinification parcellaire<\/span>. Ils veulent ainsi obtenir des assemblages plus pertinents pour des vins plus pr\u00e9cis et profonds et des cuv\u00e9es plus aromatiques.<br \/>\r\n<br \/>\r\nLes trois cuv\u00e9es IGP des Alpilles sont une invitation \u00e0 la fraicheur, \u00e0 la gourmandise aux saveurs proven\u00e7ales.<br \/>\r\n- IGP Alpilles Romanin Blanc 2023: Le c\u00e9page Rolle d\u00e9voile toute sa fraicheur et sa gourmandise attendue. Ses notes fruit\u00e9es et sa min\u00e9ralit\u00e9 accompagneront parfaitement vos ap\u00e9ritifs et vos repas d'\u00e9t\u00e9.<br \/>\r\n- IGP Alpilles Romanin Ros\u00e9 2023: Une Robe rose saumon et brillante; un nez sur des notes d'agrumes et de fruits \u00e0 coque; Ce ros\u00e9 propose une attaque douce avec une belle longueur; gourmande avec des notes de fruits exotiques.<br \/>\r\n- IGP Alpilles Romanin Rouge 2023: Cette cuv\u00e9e se veut joyeuse et festive, aux saveurs de Provence.  Nez tr\u00e8s aromatique qui r\u00e9l\u00e8ve des fruits noirs comme le cassis et la m\u00fbre; notes de violette et de r\u00e9glisse pr\u00e9sentes. Une bouche ronde et \u00e9l\u00e9gante aux saveurs gourmandes et fum\u00e9es.<br \/>\r\n<br \/>\r\nLes grandes cuv\u00e9es d'AOP <span style=\"font-weight:bold\">Baux de Provence ont permis, au domaine, de se faire une place parmi les grands noms de Provence et des Alpilles.<\/span><br \/>\r\n<br \/>\r\n<span style=\"font-weight:bold\">Distinctions : <\/span><br \/>\r\n- Guide Bettane +Desseauve : Domaine c\u00f4t\u00e9 ** <br \/>\r\n&nbsp;&nbsp;&nbsp;* Cuv\u00e9e Baux de Provence Ros\u00e9 Grand Vin 2022 not\u00e9e 91\/100<br \/>\r\n- Guide Hachette 2026 : <br \/>\r\n&nbsp;&nbsp;&nbsp;* Cuv\u00e9e Ros\u00e9 Alpilles 2024 not\u00e9e 1*<br \/>\r\n&nbsp;&nbsp;&nbsp;* Cuv\u00e9e Rouge Alpilles 2024 not\u00e9e 1*<br \/>\r\n<br \/>\r\n<a href=\" https:\/\/fr-fr.facebook.com\/ChateauRomanin\/\"><img loading=\"lazy\" decoding=\"async\" class=\"alignleft size-thumbnail wp-image-237\" src=\"http:\/\/vertivinies.fr\/wp-content\/uploads\/2025\/01\/Logo-facebook-rond.jpg\" alt=\"Logo facebook compos\u00e9 de la lettre F blanc dans un carr\u00e9 bleu\" width=\"60\" height=\"60\" \/><\/a> <a href=\" https:\/\/www.instagram.com\/chateau_romanin\/\"><img loading=\"lazy\" decoding=\"async\" class=\"alignleft size-thumbnail wp-image-237\" src=\"http:\/\/vertivinies.fr\/wp-content\/uploads\/2025\/01\/Logo-instagram-rond.jpg\" alt=\"Logo facebook compos\u00e9 de la lettre F blanc dans un carr\u00e9 bleu\" width=\"60\" height=\"60\" \/><\/a>\r\n        <div class=\"vign_bloc_txt_fin\">\r\n            <span style=\"color: #770a05;font-style:italic;\">Une belle r\u00e9f\u00e9rence proven\u00e7ale !<\/span>\r\n            <br \/>\r\n            <div class=\"vign_bloc_event\"><a href=\"https:\/\/www.facebook.com\/Vertivin-171297996346118\/\"><img loading=\"lazy\" decoding=\"async\" src=\"\/wp-content\/uploads\/facebook-evenement.jpg\" width=\"150\" height=\"49\" alt=\"Tous les \u00e9v\u00e8nements \u00e0 venir\" title=\"Tous les \u00e9v\u00e8nements \u00e0 venir\" \/><\/a><\/div>\r\n        <\/div>\r\n    <\/div>\r\n    <div class=\"vign_lienindex\">\r\n        <span class=\"vign_lienprev\"><a href=https:\/\/vertivinies.fr\/index.php\/vignerons-salon-vertivinies\/domaine-chevalerie\/><< Vigneron pr\u00e9c\u00e9dent >><\/a><\/span>  <span class=\"vign_liennext\"><a href=https:\/\/vertivinies.fr\/index.php\/vignerons-salon-vertivinies\/domaine-balansa\/><< Vigneron suivant >><\/a><\/span>\r\n    <\/div>\r\n    <\/span><\/p>\n","protected":false},"excerpt":{"rendered":"<p>Carolyn Sheetz et Th\u00e9o Buravand<\/p>\n","protected":false},"author":8,"featured_media":2045,"parent":136,"menu_order":0,"comment_status":"closed","ping_status":"closed","template":"","meta":{"_acf_changed":false,"footnotes":""},"categories":[12],"tags":[],"class_list":["post-2040","page","type-page","status-publish","has-post-thumbnail","hentry","category-vignerons"],"acf":[],"yoast_head":"<!-- This site is optimized with the Yoast SEO plugin v27.1.1 - https:\/\/yoast.com\/product\/yoast-seo-wordpress\/ -->\n<title>Ch\u00e2teau Romanin : : Les vignerons du salon du vin &quot;Vertivinies&quot; (44)<\/title>\n<meta name=\"description\" content=\"D\u00e9couvrez le domaine du Ch\u00e2teau Romanin pr\u00e9sent au salon Vertivinies, le salon du vin organis\u00e9 par l&#039;association Vertivin situ\u00e9e \u00e0 Vertou pr\u00e8s de Nantes (44).\" \/>\n<meta name=\"robots\" content=\"index, follow, max-snippet:-1, max-image-preview:large, max-video-preview:-1\" \/>\n<link rel=\"canonical\" href=\"https:\/\/vertivinies.fr\/index.php\/vignerons-salon-vertivinies\/domaine-chateau-romanin\/\" \/>\n<meta property=\"og:locale\" content=\"fr_FR\" \/>\n<meta property=\"og:type\" content=\"article\" \/>\n<meta property=\"og:title\" content=\"Ch\u00e2teau Romanin : : Les vignerons du salon du vin &quot;Vertivinies&quot; (44)\" \/>\n<meta property=\"og:description\" content=\"D\u00e9couvrez le domaine du Ch\u00e2teau Romanin pr\u00e9sent au salon Vertivinies, le salon du vin organis\u00e9 par l&#039;association Vertivin situ\u00e9e \u00e0 Vertou pr\u00e8s de Nantes (44).\" \/>\n<meta property=\"og:url\" content=\"https:\/\/vertivinies.fr\/index.php\/vignerons-salon-vertivinies\/domaine-chateau-romanin\/\" \/>\n<meta property=\"og:site_name\" content=\"Vertivinies\" \/>\n<meta property=\"article:publisher\" content=\"https:\/\/www.facebook.com\/vertivin\" \/>\n<meta property=\"article:modified_time\" content=\"2026-02-10T16:56:47+00:00\" \/>\n<meta property=\"og:image\" content=\"https:\/\/vertivinies.fr\/wp-content\/uploads\/2025\/02\/Chateau-Romanin.jpg\" \/>\n\t<meta property=\"og:image:width\" content=\"1060\" \/>\n\t<meta property=\"og:image:height\" content=\"743\" \/>\n\t<meta property=\"og:image:type\" content=\"image\/jpeg\" \/>\n<meta name=\"twitter:card\" content=\"summary_large_image\" \/>\n<meta name=\"twitter:label1\" content=\"Dur\u00e9e de lecture estim\u00e9e\" \/>\n\t<meta name=\"twitter:data1\" content=\"1 minute\" \/>\n<script type=\"application\/ld+json\" class=\"yoast-schema-graph\">{\"@context\":\"https:\/\/schema.org\",\"@graph\":[{\"@type\":\"WebPage\",\"@id\":\"https:\/\/vertivinies.fr\/index.php\/vignerons-salon-vertivinies\/domaine-chateau-romanin\/\",\"url\":\"https:\/\/vertivinies.fr\/index.php\/vignerons-salon-vertivinies\/domaine-chateau-romanin\/\",\"name\":\"Ch\u00e2teau Romanin : : Les vignerons du salon du vin \\\"Vertivinies\\\" (44)\",\"isPartOf\":{\"@id\":\"https:\/\/vertivinies.fr\/#website\"},\"primaryImageOfPage\":{\"@id\":\"https:\/\/vertivinies.fr\/index.php\/vignerons-salon-vertivinies\/domaine-chateau-romanin\/#primaryimage\"},\"image\":{\"@id\":\"https:\/\/vertivinies.fr\/index.php\/vignerons-salon-vertivinies\/domaine-chateau-romanin\/#primaryimage\"},\"thumbnailUrl\":\"https:\/\/vertivinies.fr\/wp-content\/uploads\/2025\/02\/Chateau-Romanin.jpg\",\"datePublished\":\"2025-02-02T05:46:42+00:00\",\"dateModified\":\"2026-02-10T16:56:47+00:00\",\"description\":\"D\u00e9couvrez le domaine du Ch\u00e2teau Romanin pr\u00e9sent au salon Vertivinies, le salon du vin organis\u00e9 par l'association Vertivin situ\u00e9e \u00e0 Vertou pr\u00e8s de Nantes (44).\",\"breadcrumb\":{\"@id\":\"https:\/\/vertivinies.fr\/index.php\/vignerons-salon-vertivinies\/domaine-chateau-romanin\/#breadcrumb\"},\"inLanguage\":\"fr-FR\",\"potentialAction\":[{\"@type\":\"ReadAction\",\"target\":[\"https:\/\/vertivinies.fr\/index.php\/vignerons-salon-vertivinies\/domaine-chateau-romanin\/\"]}]},{\"@type\":\"ImageObject\",\"inLanguage\":\"fr-FR\",\"@id\":\"https:\/\/vertivinies.fr\/index.php\/vignerons-salon-vertivinies\/domaine-chateau-romanin\/#primaryimage\",\"url\":\"https:\/\/vertivinies.fr\/wp-content\/uploads\/2025\/02\/Chateau-Romanin.jpg\",\"contentUrl\":\"https:\/\/vertivinies.fr\/wp-content\/uploads\/2025\/02\/Chateau-Romanin.jpg\",\"width\":1060,\"height\":743},{\"@type\":\"BreadcrumbList\",\"@id\":\"https:\/\/vertivinies.fr\/index.php\/vignerons-salon-vertivinies\/domaine-chateau-romanin\/#breadcrumb\",\"itemListElement\":[{\"@type\":\"ListItem\",\"position\":1,\"name\":\"Accueil\",\"item\":\"http:\/\/vertivinies.fr\/\"},{\"@type\":\"ListItem\",\"position\":2,\"name\":\"Les vignerons pr\u00e9sents lors du salon Vertivinies 2026\",\"item\":\"https:\/\/vertivinies.fr\/index.php\/vignerons-salon-vertivinies\/\"},{\"@type\":\"ListItem\",\"position\":3,\"name\":\"Ch\u00e2teau Romanin\"}]},{\"@type\":\"WebSite\",\"@id\":\"https:\/\/vertivinies.fr\/#website\",\"url\":\"https:\/\/vertivinies.fr\/\",\"name\":\"Vertivinies\",\"description\":\"\",\"potentialAction\":[{\"@type\":\"SearchAction\",\"target\":{\"@type\":\"EntryPoint\",\"urlTemplate\":\"https:\/\/vertivinies.fr\/?s={search_term_string}\"},\"query-input\":{\"@type\":\"PropertyValueSpecification\",\"valueRequired\":true,\"valueName\":\"search_term_string\"}}],\"inLanguage\":\"fr-FR\"}]}<\/script>\n<!-- \/ Yoast SEO plugin. -->","yoast_head_json":{"title":"Ch\u00e2teau Romanin : : Les vignerons du salon du vin \"Vertivinies\" (44)","description":"D\u00e9couvrez le domaine du Ch\u00e2teau Romanin pr\u00e9sent au salon Vertivinies, le salon du vin organis\u00e9 par l'association Vertivin situ\u00e9e \u00e0 Vertou pr\u00e8s de Nantes (44).","robots":{"index":"index","follow":"follow","max-snippet":"max-snippet:-1","max-image-preview":"max-image-preview:large","max-video-preview":"max-video-preview:-1"},"canonical":"https:\/\/vertivinies.fr\/index.php\/vignerons-salon-vertivinies\/domaine-chateau-romanin\/","og_locale":"fr_FR","og_type":"article","og_title":"Ch\u00e2teau Romanin : : Les vignerons du salon du vin \"Vertivinies\" (44)","og_description":"D\u00e9couvrez le domaine du Ch\u00e2teau Romanin pr\u00e9sent au salon Vertivinies, le salon du vin organis\u00e9 par l'association Vertivin situ\u00e9e \u00e0 Vertou pr\u00e8s de Nantes (44).","og_url":"https:\/\/vertivinies.fr\/index.php\/vignerons-salon-vertivinies\/domaine-chateau-romanin\/","og_site_name":"Vertivinies","article_publisher":"https:\/\/www.facebook.com\/vertivin","article_modified_time":"2026-02-10T16:56:47+00:00","og_image":[{"width":1060,"height":743,"url":"https:\/\/vertivinies.fr\/wp-content\/uploads\/2025\/02\/Chateau-Romanin.jpg","type":"image\/jpeg"}],"twitter_card":"summary_large_image","twitter_misc":{"Dur\u00e9e de lecture estim\u00e9e":"1 minute"},"schema":{"@context":"https:\/\/schema.org","@graph":[{"@type":"WebPage","@id":"https:\/\/vertivinies.fr\/index.php\/vignerons-salon-vertivinies\/domaine-chateau-romanin\/","url":"https:\/\/vertivinies.fr\/index.php\/vignerons-salon-vertivinies\/domaine-chateau-romanin\/","name":"Ch\u00e2teau Romanin : : Les vignerons du salon du vin \"Vertivinies\" (44)","isPartOf":{"@id":"https:\/\/vertivinies.fr\/#website"},"primaryImageOfPage":{"@id":"https:\/\/vertivinies.fr\/index.php\/vignerons-salon-vertivinies\/domaine-chateau-romanin\/#primaryimage"},"image":{"@id":"https:\/\/vertivinies.fr\/index.php\/vignerons-salon-vertivinies\/domaine-chateau-romanin\/#primaryimage"},"thumbnailUrl":"https:\/\/vertivinies.fr\/wp-content\/uploads\/2025\/02\/Chateau-Romanin.jpg","datePublished":"2025-02-02T05:46:42+00:00","dateModified":"2026-02-10T16:56:47+00:00","description":"D\u00e9couvrez le domaine du Ch\u00e2teau Romanin pr\u00e9sent au salon Vertivinies, le salon du vin organis\u00e9 par l'association Vertivin situ\u00e9e \u00e0 Vertou pr\u00e8s de Nantes (44).","breadcrumb":{"@id":"https:\/\/vertivinies.fr\/index.php\/vignerons-salon-vertivinies\/domaine-chateau-romanin\/#breadcrumb"},"inLanguage":"fr-FR","potentialAction":[{"@type":"ReadAction","target":["https:\/\/vertivinies.fr\/index.php\/vignerons-salon-vertivinies\/domaine-chateau-romanin\/"]}]},{"@type":"ImageObject","inLanguage":"fr-FR","@id":"https:\/\/vertivinies.fr\/index.php\/vignerons-salon-vertivinies\/domaine-chateau-romanin\/#primaryimage","url":"https:\/\/vertivinies.fr\/wp-content\/uploads\/2025\/02\/Chateau-Romanin.jpg","contentUrl":"https:\/\/vertivinies.fr\/wp-content\/uploads\/2025\/02\/Chateau-Romanin.jpg","width":1060,"height":743},{"@type":"BreadcrumbList","@id":"https:\/\/vertivinies.fr\/index.php\/vignerons-salon-vertivinies\/domaine-chateau-romanin\/#breadcrumb","itemListElement":[{"@type":"ListItem","position":1,"name":"Accueil","item":"http:\/\/vertivinies.fr\/"},{"@type":"ListItem","position":2,"name":"Les vignerons pr\u00e9sents lors du salon Vertivinies 2026","item":"https:\/\/vertivinies.fr\/index.php\/vignerons-salon-vertivinies\/"},{"@type":"ListItem","position":3,"name":"Ch\u00e2teau Romanin"}]},{"@type":"WebSite","@id":"https:\/\/vertivinies.fr\/#website","url":"https:\/\/vertivinies.fr\/","name":"Vertivinies","description":"","potentialAction":[{"@type":"SearchAction","target":{"@type":"EntryPoint","urlTemplate":"https:\/\/vertivinies.fr\/?s={search_term_string}"},"query-input":{"@type":"PropertyValueSpecification","valueRequired":true,"valueName":"search_term_string"}}],"inLanguage":"fr-FR"}]}},"_links":{"self":[{"href":"https:\/\/vertivinies.fr\/index.php\/wp-json\/wp\/v2\/pages\/2040","targetHints":{"allow":["GET"]}}],"collection":[{"href":"https:\/\/vertivinies.fr\/index.php\/wp-json\/wp\/v2\/pages"}],"about":[{"href":"https:\/\/vertivinies.fr\/index.php\/wp-json\/wp\/v2\/types\/page"}],"author":[{"embeddable":true,"href":"https:\/\/vertivinies.fr\/index.php\/wp-json\/wp\/v2\/users\/8"}],"replies":[{"embeddable":true,"href":"https:\/\/vertivinies.fr\/index.php\/wp-json\/wp\/v2\/comments?post=2040"}],"version-history":[{"count":10,"href":"https:\/\/vertivinies.fr\/index.php\/wp-json\/wp\/v2\/pages\/2040\/revisions"}],"predecessor-version":[{"id":2279,"href":"https:\/\/vertivinies.fr\/index.php\/wp-json\/wp\/v2\/pages\/2040\/revisions\/2279"}],"up":[{"embeddable":true,"href":"https:\/\/vertivinies.fr\/index.php\/wp-json\/wp\/v2\/pages\/136"}],"wp:featuredmedia":[{"embeddable":true,"href":"https:\/\/vertivinies.fr\/index.php\/wp-json\/wp\/v2\/media\/2045"}],"wp:attachment":[{"href":"https:\/\/vertivinies.fr\/index.php\/wp-json\/wp\/v2\/media?parent=2040"}],"wp:term":[{"taxonomy":"category","embeddable":true,"href":"https:\/\/vertivinies.fr\/index.php\/wp-json\/wp\/v2\/categories?post=2040"},{"taxonomy":"post_tag","embeddable":true,"href":"https:\/\/vertivinies.fr\/index.php\/wp-json\/wp\/v2\/tags?post=2040"}],"curies":[{"name":"wp","href":"https:\/\/api.w.org\/{rel}","templated":true}]}}