{"id":2158,"date":"2026-01-18T22:17:32","date_gmt":"2026-01-18T21:17:32","guid":{"rendered":"https:\/\/vertivinies.fr\/?page_id=2158"},"modified":"2026-02-10T17:59:17","modified_gmt":"2026-02-10T16:59:17","slug":"domaines-des-maels","status":"publish","type":"page","link":"https:\/\/vertivinies.fr\/index.php\/vignerons-salon-vertivinies\/domaines-des-maels\/","title":{"rendered":"Domaine des Maels"},"content":{"rendered":"<p>Morgane et Fr\u00e9d\u00e9ric Schwerz<br \/>\n<!--more--><span style=\"vertical-align: inherit;\"> \r\n    <div class=\"vign_big_bloc\">\r\n        <div class=\"vign_ss_titre\">Morgane et Fr\u00e9d\u00e9ric Schwerz<\/div>\r\n        <div class=\"vign_bloc_img\">\r\n            <img loading=\"lazy\" decoding=\"async\" src=\"http:\/\/vertivinies.fr\/wp-content\/uploads\/2026\/01\/Maels-1-scaled.jpg\" alt=\"\" title=\"\" width=\"578\" height=\"385\" \/>\r\n        <\/div>\r\n\r\n        <div class=\"vign_bloc_param\">\r\n            <p class=\"vign_params\">\r\n                <span class=\"vign_param_titre\">Appellations<\/span><br \/>\r\n                Minervois<br \/>\r\nIGP Pays d'Oc\r\n                <br \/>\r\n                <span class=\"vign_param_titre\">C\u00e9pages<\/span><br \/>\r\n                En rouge ; cinsault, syrah, grenache et carignan. Pour le ros\u00e9 ; grenache, cinsault et pour les blancs ; colombard et roussanne\r\n                <br \/>\r\n                <span class=\"vign_param_titre\">Superficie<\/span><br \/>\r\n                15 ha\r\n                <br \/>\r\n                <span class=\"vign_param_titre\">Culture<\/span><br \/>\r\n                Certifi\u00e9s en Agriculture Biologique depuis 2010 \r\n                <br \/>\r\n                <span class=\"vign_param_titre\">R\u00e9compenses et Mentions<\/span><br \/>\r\n                Guide Hachette\r\n            <\/p>\r\n        <\/div>\r\n    <\/div>\r\n\r\n    <div class=\"vign_bloc_txt\">\r\n        <hr><br \/>\r\n<span style=\"font-size: 24px; color: #b70505;font-weight:bold\">PRESENTATION<\/span><br \/>\r\n<br \/>\r\nLe domaine des Maels est avant tout une histoire d\u2019amour, la rencontre de deux \u0153nologues Morgane, la Bretonne et Fr\u00e9d\u00e9ric, l\u2019Alsacien. Ils ont saut\u00e9 le pas pour cr\u00e9er notre domaine \u00e0 leur image. <br \/>\r\nC\u2019\u00e9tait en 2006, quel d\u00e9fi !<br \/>\r\nC\u2019est dans le Minervois sur le village d\u2019Argens Minervois pr\u00e8s de Carcassonne au bord du Canal du Midi qu'ils ont pos\u00e9 leur valises.<br \/>\r\nL\u2019Agriculture Biologique, une \u00e9vidence ; voil\u00e0 plus de 15 ans que le domaine est certifi\u00e9.<br \/>\r\n<br \/>\r\nIls voulaient aller plus loin et pratiquent l'agro\u00e9cologie.<br \/>\r\nTout d'abord les vignes sont men\u00e9es en agroforesterie. En effet ils plantent des haies autour de leurs parcelles ainsi que des arbres au milieu de leurs vignes. L'objectif \u00e9tant de ramener de la biodiversit\u00e9. En parall\u00e8le ils mettent en place un couvert v\u00e9g\u00e9tal entre les rangs afin de ne plus labourer et de stocker le carbone dans le sol. <br \/>\r\n<br \/>\r\nLe travail dans les vignes leur permet de faire <span style=\"font-weight:bold\">des vins frais. L'ensemble de la gamme pr\u00e9sente un rapport prix \/ plaisir remarquable.<\/span><br \/>\r\nLes diff\u00e9rentes cuv\u00e9es sont r\u00e9parties en 3 gammes :<br \/>\r\n\u2022 Les vins authentiques vinifi\u00e9s par terroir.<br \/>\r\n\u2022 Les vins signatures sont des cuv\u00e9es sans sulfite ajout\u00e9<br \/>\r\n\u2022 Les vins plaisir sont des cuv\u00e9es sur la fra\u00eecheur et la gourmandise<br \/>\r\n<br \/>\r\nTaille douce, couvert v\u00e9g\u00e9tal, \u00e9pandage de d\u00e9chets verts, plantation de haies d\u2019arbres\u2026 autant de d\u00e9marches qui viennent agr\u00e9menter la volont\u00e9 de durabilit\u00e9 du domaine. Suivant les cuv\u00e9es, les vins sont \u00e9lev\u00e9s en cuves, amphores en gr\u00e8s ou barriques bourguignonne. Deux cuv\u00e9es, une en blanc et une en rouge, sont des cuv\u00e9es sans sulfite ajout\u00e9.<br \/>\r\n<br \/>\r\n<span style=\"font-weight:bold\">R\u00e9compenses : <\/span><br \/>\r\n- Guide Hachette 2026 : <br \/>\r\n&nbsp;&nbsp;&nbsp;* Cuv\u00e9e les Matelles Roussanne 2023 1*<br \/>\r\n- Guide Hachette 2023 : <br \/>\r\n&nbsp;&nbsp;&nbsp;* Cuv\u00e9e Colombard 2021 2* coup de \u2665 <br \/>\r\n&nbsp;&nbsp;&nbsp;* Cuv\u00e9e les Matelles 2021 2* coup de \u2665<br \/>\r\n&nbsp;&nbsp;&nbsp;* Cuv\u00e9e le Montesclat 2020 1*<br \/>\r\n<br \/>\r\n<a href=\" https:\/\/www.facebook.com\/Domaine-des-Maels-113455448050044\/\"><img loading=\"lazy\" decoding=\"async\" class=\"alignleft size-thumbnail wp-image-237\" src=\"http:\/\/vertivinies.fr\/wp-content\/uploads\/2025\/01\/Logo-facebook-rond.jpg\" alt=\"Logo facebook compos\u00e9 de la lettre F blanc dans un carr\u00e9 bleu\" width=\"60\" height=\"60\" \/><\/a> <a href=\" https:\/\/www.instagram.com\/domainedesmaels\/\"><img loading=\"lazy\" decoding=\"async\" class=\"alignleft size-thumbnail wp-image-237\" src=\"http:\/\/vertivinies.fr\/wp-content\/uploads\/2025\/01\/Logo-instagram-rond.jpg\" alt=\"Logo facebook compos\u00e9 de la lettre F blanc dans un carr\u00e9 bleu\" width=\"60\" height=\"60\" \/><\/a>\r\n        <div class=\"vign_bloc_txt_fin\">\r\n            Recommand\u00e9 par le comit\u00e9 de d\u00e9gustation de Vertivin, suite \u00e0 la d\u00e9gustation de la cuv\u00e9e Montesclat lors de la s\u00e9ance \"Minervois\" du groupe Vertivingstone en 2025 !\r\n            <br \/>\r\n            <div class=\"vign_bloc_event\"><a href=\"https:\/\/www.facebook.com\/Vertivin-171297996346118\/\"><img loading=\"lazy\" decoding=\"async\" src=\"\/wp-content\/uploads\/facebook-evenement.jpg\" width=\"150\" height=\"49\" alt=\"Tous les \u00e9v\u00e8nements \u00e0 venir\" title=\"Tous les \u00e9v\u00e8nements \u00e0 venir\" \/><\/a><\/div>\r\n        <\/div>\r\n    <\/div>\r\n    <div class=\"vign_lienindex\">\r\n        <span class=\"vign_lienprev\"><\/span>  <span class=\"vign_liennext\"><a href=https:\/\/vertivinies.fr\/index.php\/vignerons-salon-vertivinies\/chateau-lescarderie\/><< Vigneron suivant >><\/a><\/span>\r\n    <\/div>\r\n    <\/span><\/p>\n","protected":false},"excerpt":{"rendered":"<p>Morgane et Fr\u00e9d\u00e9ric Schwerz<\/p>\n","protected":false},"author":1,"featured_media":2162,"parent":136,"menu_order":0,"comment_status":"closed","ping_status":"closed","template":"","meta":{"_acf_changed":false,"footnotes":""},"categories":[12],"tags":[],"class_list":["post-2158","page","type-page","status-publish","has-post-thumbnail","hentry","category-vignerons"],"acf":[],"yoast_head":"<!-- This site is optimized with the Yoast SEO plugin v27.1.1 - https:\/\/yoast.com\/product\/yoast-seo-wordpress\/ -->\n<title>Domaine des Maels : Les vignerons du salon du vin &quot;Vertivinies&quot; (44)<\/title>\n<meta name=\"description\" content=\"D\u00e9couvrez le Domaine des Maels pr\u00e9sent au salon Vertivinies, salon du vin organis\u00e9 par l&#039;association Vertivin situ\u00e9e \u00e0 Vertou pr\u00e8s de Nantes (44).\" \/>\n<meta name=\"robots\" content=\"index, follow, max-snippet:-1, max-image-preview:large, max-video-preview:-1\" \/>\n<link rel=\"canonical\" href=\"https:\/\/vertivinies.fr\/index.php\/vignerons-salon-vertivinies\/domaines-des-maels\/\" \/>\n<meta property=\"og:locale\" content=\"fr_FR\" \/>\n<meta property=\"og:type\" content=\"article\" \/>\n<meta property=\"og:title\" content=\"Domaine des Maels : Les vignerons du salon du vin &quot;Vertivinies&quot; (44)\" \/>\n<meta property=\"og:description\" content=\"D\u00e9couvrez le Domaine des Maels pr\u00e9sent au salon Vertivinies, salon du vin organis\u00e9 par l&#039;association Vertivin situ\u00e9e \u00e0 Vertou pr\u00e8s de Nantes (44).\" \/>\n<meta property=\"og:url\" content=\"https:\/\/vertivinies.fr\/index.php\/vignerons-salon-vertivinies\/domaines-des-maels\/\" \/>\n<meta property=\"og:site_name\" content=\"Vertivinies\" \/>\n<meta property=\"article:publisher\" content=\"https:\/\/www.facebook.com\/vertivin\" \/>\n<meta property=\"article:modified_time\" content=\"2026-02-10T16:59:17+00:00\" \/>\n<meta property=\"og:image\" content=\"https:\/\/vertivinies.fr\/wp-content\/uploads\/2026\/01\/Maels-1-scaled.jpg\" \/>\n\t<meta property=\"og:image:width\" content=\"2560\" \/>\n\t<meta property=\"og:image:height\" content=\"1915\" \/>\n\t<meta property=\"og:image:type\" content=\"image\/jpeg\" \/>\n<meta name=\"twitter:card\" content=\"summary_large_image\" \/>\n<meta name=\"twitter:label1\" content=\"Dur\u00e9e de lecture estim\u00e9e\" \/>\n\t<meta name=\"twitter:data1\" content=\"1 minute\" \/>\n<script type=\"application\/ld+json\" class=\"yoast-schema-graph\">{\"@context\":\"https:\/\/schema.org\",\"@graph\":[{\"@type\":\"WebPage\",\"@id\":\"https:\/\/vertivinies.fr\/index.php\/vignerons-salon-vertivinies\/domaines-des-maels\/\",\"url\":\"https:\/\/vertivinies.fr\/index.php\/vignerons-salon-vertivinies\/domaines-des-maels\/\",\"name\":\"Domaine des Maels : Les vignerons du salon du vin \\\"Vertivinies\\\" (44)\",\"isPartOf\":{\"@id\":\"http:\/\/vertivinies.fr\/#website\"},\"primaryImageOfPage\":{\"@id\":\"https:\/\/vertivinies.fr\/index.php\/vignerons-salon-vertivinies\/domaines-des-maels\/#primaryimage\"},\"image\":{\"@id\":\"https:\/\/vertivinies.fr\/index.php\/vignerons-salon-vertivinies\/domaines-des-maels\/#primaryimage\"},\"thumbnailUrl\":\"https:\/\/vertivinies.fr\/wp-content\/uploads\/2026\/01\/Maels-1-scaled.jpg\",\"datePublished\":\"2026-01-18T21:17:32+00:00\",\"dateModified\":\"2026-02-10T16:59:17+00:00\",\"description\":\"D\u00e9couvrez le Domaine des Maels pr\u00e9sent au salon Vertivinies, salon du vin organis\u00e9 par l'association Vertivin situ\u00e9e \u00e0 Vertou pr\u00e8s de Nantes (44).\",\"breadcrumb\":{\"@id\":\"https:\/\/vertivinies.fr\/index.php\/vignerons-salon-vertivinies\/domaines-des-maels\/#breadcrumb\"},\"inLanguage\":\"fr-FR\",\"potentialAction\":[{\"@type\":\"ReadAction\",\"target\":[\"https:\/\/vertivinies.fr\/index.php\/vignerons-salon-vertivinies\/domaines-des-maels\/\"]}]},{\"@type\":\"ImageObject\",\"inLanguage\":\"fr-FR\",\"@id\":\"https:\/\/vertivinies.fr\/index.php\/vignerons-salon-vertivinies\/domaines-des-maels\/#primaryimage\",\"url\":\"https:\/\/vertivinies.fr\/wp-content\/uploads\/2026\/01\/Maels-1-scaled.jpg\",\"contentUrl\":\"https:\/\/vertivinies.fr\/wp-content\/uploads\/2026\/01\/Maels-1-scaled.jpg\",\"width\":2560,\"height\":1915},{\"@type\":\"BreadcrumbList\",\"@id\":\"https:\/\/vertivinies.fr\/index.php\/vignerons-salon-vertivinies\/domaines-des-maels\/#breadcrumb\",\"itemListElement\":[{\"@type\":\"ListItem\",\"position\":1,\"name\":\"Accueil\",\"item\":\"http:\/\/vertivinies.fr\/\"},{\"@type\":\"ListItem\",\"position\":2,\"name\":\"Les vignerons pr\u00e9sents lors du salon Vertivinies 2026\",\"item\":\"http:\/\/vertivinies.fr\/index.php\/vignerons-salon-vertivinies\/\"},{\"@type\":\"ListItem\",\"position\":3,\"name\":\"Domaine des Maels\"}]},{\"@type\":\"WebSite\",\"@id\":\"http:\/\/vertivinies.fr\/#website\",\"url\":\"http:\/\/vertivinies.fr\/\",\"name\":\"Vertivinies\",\"description\":\"\",\"potentialAction\":[{\"@type\":\"SearchAction\",\"target\":{\"@type\":\"EntryPoint\",\"urlTemplate\":\"http:\/\/vertivinies.fr\/?s={search_term_string}\"},\"query-input\":{\"@type\":\"PropertyValueSpecification\",\"valueRequired\":true,\"valueName\":\"search_term_string\"}}],\"inLanguage\":\"fr-FR\"}]}<\/script>\n<!-- \/ Yoast SEO plugin. -->","yoast_head_json":{"title":"Domaine des Maels : Les vignerons du salon du vin \"Vertivinies\" (44)","description":"D\u00e9couvrez le Domaine des Maels pr\u00e9sent au salon Vertivinies, salon du vin organis\u00e9 par l'association Vertivin situ\u00e9e \u00e0 Vertou pr\u00e8s de Nantes (44).","robots":{"index":"index","follow":"follow","max-snippet":"max-snippet:-1","max-image-preview":"max-image-preview:large","max-video-preview":"max-video-preview:-1"},"canonical":"https:\/\/vertivinies.fr\/index.php\/vignerons-salon-vertivinies\/domaines-des-maels\/","og_locale":"fr_FR","og_type":"article","og_title":"Domaine des Maels : Les vignerons du salon du vin \"Vertivinies\" (44)","og_description":"D\u00e9couvrez le Domaine des Maels pr\u00e9sent au salon Vertivinies, salon du vin organis\u00e9 par l'association Vertivin situ\u00e9e \u00e0 Vertou pr\u00e8s de Nantes (44).","og_url":"https:\/\/vertivinies.fr\/index.php\/vignerons-salon-vertivinies\/domaines-des-maels\/","og_site_name":"Vertivinies","article_publisher":"https:\/\/www.facebook.com\/vertivin","article_modified_time":"2026-02-10T16:59:17+00:00","og_image":[{"width":2560,"height":1915,"url":"https:\/\/vertivinies.fr\/wp-content\/uploads\/2026\/01\/Maels-1-scaled.jpg","type":"image\/jpeg"}],"twitter_card":"summary_large_image","twitter_misc":{"Dur\u00e9e de lecture estim\u00e9e":"1 minute"},"schema":{"@context":"https:\/\/schema.org","@graph":[{"@type":"WebPage","@id":"https:\/\/vertivinies.fr\/index.php\/vignerons-salon-vertivinies\/domaines-des-maels\/","url":"https:\/\/vertivinies.fr\/index.php\/vignerons-salon-vertivinies\/domaines-des-maels\/","name":"Domaine des Maels : Les vignerons du salon du vin \"Vertivinies\" (44)","isPartOf":{"@id":"http:\/\/vertivinies.fr\/#website"},"primaryImageOfPage":{"@id":"https:\/\/vertivinies.fr\/index.php\/vignerons-salon-vertivinies\/domaines-des-maels\/#primaryimage"},"image":{"@id":"https:\/\/vertivinies.fr\/index.php\/vignerons-salon-vertivinies\/domaines-des-maels\/#primaryimage"},"thumbnailUrl":"https:\/\/vertivinies.fr\/wp-content\/uploads\/2026\/01\/Maels-1-scaled.jpg","datePublished":"2026-01-18T21:17:32+00:00","dateModified":"2026-02-10T16:59:17+00:00","description":"D\u00e9couvrez le Domaine des Maels pr\u00e9sent au salon Vertivinies, salon du vin organis\u00e9 par l'association Vertivin situ\u00e9e \u00e0 Vertou pr\u00e8s de Nantes (44).","breadcrumb":{"@id":"https:\/\/vertivinies.fr\/index.php\/vignerons-salon-vertivinies\/domaines-des-maels\/#breadcrumb"},"inLanguage":"fr-FR","potentialAction":[{"@type":"ReadAction","target":["https:\/\/vertivinies.fr\/index.php\/vignerons-salon-vertivinies\/domaines-des-maels\/"]}]},{"@type":"ImageObject","inLanguage":"fr-FR","@id":"https:\/\/vertivinies.fr\/index.php\/vignerons-salon-vertivinies\/domaines-des-maels\/#primaryimage","url":"https:\/\/vertivinies.fr\/wp-content\/uploads\/2026\/01\/Maels-1-scaled.jpg","contentUrl":"https:\/\/vertivinies.fr\/wp-content\/uploads\/2026\/01\/Maels-1-scaled.jpg","width":2560,"height":1915},{"@type":"BreadcrumbList","@id":"https:\/\/vertivinies.fr\/index.php\/vignerons-salon-vertivinies\/domaines-des-maels\/#breadcrumb","itemListElement":[{"@type":"ListItem","position":1,"name":"Accueil","item":"http:\/\/vertivinies.fr\/"},{"@type":"ListItem","position":2,"name":"Les vignerons pr\u00e9sents lors du salon Vertivinies 2026","item":"http:\/\/vertivinies.fr\/index.php\/vignerons-salon-vertivinies\/"},{"@type":"ListItem","position":3,"name":"Domaine des Maels"}]},{"@type":"WebSite","@id":"http:\/\/vertivinies.fr\/#website","url":"http:\/\/vertivinies.fr\/","name":"Vertivinies","description":"","potentialAction":[{"@type":"SearchAction","target":{"@type":"EntryPoint","urlTemplate":"http:\/\/vertivinies.fr\/?s={search_term_string}"},"query-input":{"@type":"PropertyValueSpecification","valueRequired":true,"valueName":"search_term_string"}}],"inLanguage":"fr-FR"}]}},"_links":{"self":[{"href":"https:\/\/vertivinies.fr\/index.php\/wp-json\/wp\/v2\/pages\/2158","targetHints":{"allow":["GET"]}}],"collection":[{"href":"https:\/\/vertivinies.fr\/index.php\/wp-json\/wp\/v2\/pages"}],"about":[{"href":"https:\/\/vertivinies.fr\/index.php\/wp-json\/wp\/v2\/types\/page"}],"author":[{"embeddable":true,"href":"https:\/\/vertivinies.fr\/index.php\/wp-json\/wp\/v2\/users\/1"}],"replies":[{"embeddable":true,"href":"https:\/\/vertivinies.fr\/index.php\/wp-json\/wp\/v2\/comments?post=2158"}],"version-history":[{"count":12,"href":"https:\/\/vertivinies.fr\/index.php\/wp-json\/wp\/v2\/pages\/2158\/revisions"}],"predecessor-version":[{"id":2280,"href":"https:\/\/vertivinies.fr\/index.php\/wp-json\/wp\/v2\/pages\/2158\/revisions\/2280"}],"up":[{"embeddable":true,"href":"https:\/\/vertivinies.fr\/index.php\/wp-json\/wp\/v2\/pages\/136"}],"wp:featuredmedia":[{"embeddable":true,"href":"https:\/\/vertivinies.fr\/index.php\/wp-json\/wp\/v2\/media\/2162"}],"wp:attachment":[{"href":"https:\/\/vertivinies.fr\/index.php\/wp-json\/wp\/v2\/media?parent=2158"}],"wp:term":[{"taxonomy":"category","embeddable":true,"href":"https:\/\/vertivinies.fr\/index.php\/wp-json\/wp\/v2\/categories?post=2158"},{"taxonomy":"post_tag","embeddable":true,"href":"https:\/\/vertivinies.fr\/index.php\/wp-json\/wp\/v2\/tags?post=2158"}],"curies":[{"name":"wp","href":"https:\/\/api.w.org\/{rel}","templated":true}]}}